{"id":2201,"date":"2023-09-01T16:51:06","date_gmt":"2023-09-01T16:51:06","guid":{"rendered":"https:\/\/vaejfit.com\/?post_type=product&#038;p=2201"},"modified":"2025-10-08T19:20:00","modified_gmt":"2025-10-08T19:20:00","slug":"optimen-optimun-nutrition-90-capsulas","status":"publish","type":"product","link":"https:\/\/vaejfit.com\/index.php\/product\/optimen-optimun-nutrition-90-capsulas\/","title":{"rendered":"OPTI-MEN OPTIMUN NUTRITION 90 CAPSULAS"},"content":{"rendered":"<p>DESCRIPCION OPTI-MEN\u00ae\u00a0de\u00a0OPTIMUM NUTRITION\u00a0es el multivitam\u00ednico en comprimidos para la salud general de los hombres, contiene m\u00e1s de 75 ingredientes activos y nutrientes esenciales.\u00a0OPTI-MEN\u00ae\u00a0es mucho m\u00e1s que un multivitam\u00ednico, es una combinaci\u00f3n de vitaminas, minerales y una mezcla de hierbas usadas por los hombres. Te aporta todos los nutrientes que el organismo su otganismo necesita para mantener y reforzar su salud. OPTI-MEN\u00ae\u00a0ha sido especialmente desarrollado para cubrir las necesidades nutricionales de deportistas que poseen un alto desgaste f\u00edsico y mental.\u00a0OPTI-MEN\u00ae\u00a0tiene una gran efectividad y proporciona unos \u00f3ptimos resultados en todo hombre, ya que su f\u00f3rmula entrega la gran mayor\u00eda de las necesidades b\u00e1sicas diarias que desea darle a su organismo los nutrientes necesarios para un buen funcionamiento. Principales beneficios de OPTI-MEN\u00ae de OPTIMUM NUTRITION Contiene m\u00e1s de 350 mg de vitaminas del complejo B. Est\u00e1 compuesto por 5 mezclas dirigidas a hombres. Se trata de un sistema completo para mejorar la nutrici\u00f3n. Incluye amino\u00e1cidos libres. Aporta extractos bot\u00e1nicos. Presenta un fito-complejo de frutas y vegetales. Contiene enzimas digestivas. Incluye vitaminas y minerales de alta potencia. Los nutrientes diarios al completo Las vitaminas, los minerales y otros nutrientes esenciales son los bloques de construcci\u00f3n del organismo. Crean unas bases fuertes y son responsables de los niveles de energ\u00eda, del rendimiento y de la vitalidad. Hemos dise\u00f1ado\u00a0OPTI-MEN\u00ae\u00a0como un sistema completo para mejorar la nutrici\u00f3n de cualquier deportista masculino. Al presentar m\u00e1s de 75 ingredientes activos en una sola tableta, hemos creado algo m\u00e1s que un multivitam\u00ednico. Cinco mezclas para el rendimiento Mezcla Amino-Male: Contiene 8 amino\u00e1cidos libres (L-arginina, L-glutamina, L-Leucina, L-isoleucina, L-ciste\u00edna, L-lisina, L-valina y L-treonina), los bloques de construcci\u00f3n del crecimiento y desarrollo muscular. Mezcla Phyto-Male: Contiene alrededor de 20 frutas y vegetales concentrados, ricos en antioxidantes para ayudar a combatir los radicales libres. Contiene extracto de mel\u00f3n, zumo de sand\u00eda en polvo, zumo de ciruela en polvo, ra\u00edz de ruibarbo chino, bioflavonoides de c\u00edtricos en polvo, berro, ajo desodorizado, rutina, kelp, extracto de t\u00e9 verde, ra\u00edz de jengibre, extracto de flor de la pasi\u00f3n, extracto de pepitas de uva (80% de polifenoles), hojas de olivo, extracto de ar\u00e1ndano, extracto de ar\u00e1ndano europeo (25% de antocianina), extracto de ar\u00e1ndano rojo, ra\u00edz de \u00f1ame silvestre, zanahoria en polvo, extracto de papaya, extracto de naranja, zumo de pi\u00f1a concentrado en polvo, espinacas, extracto de grosella negra, coliflor, col rizada, coles de Bruselas en polvo, extracto de br\u00f3coli, extracto de manzana, extracto de kiwi y melocot\u00f3n en polvo. Mezcla Enzy-Male: Incluye 4 enzimas espec\u00edficas (papa\u00edna, bromela\u00edna, alfa amilasa y lipasa) para mejorar la digesti\u00f3n y la absorci\u00f3n de nutrientes. Mezcla Opti-Male: Aporta una cobertura nutricional completa con 25 vitaminas y minerales esenciales, con especial \u00e9nfasis en antioxidantes y vitaminas del grupo B. Contiene Vitamina A, Vitamina D, Vitamina E, Vitamina K, Vitamina C, Tiamina, Riboflavina, Niacina, Vitamina B6, \u00c1cido f\u00f3lico, Vitamina, Biotina, \u00c1cido pantot\u00e9nico, Calcio, Magnesio, Cinc, Cobre, Manganeso, Selenio, Cromo, Molibdeno, \u00c1cido alfa lip\u00f3ico, PABA (\u00e1cido paraaminobenzoico), Colina, Inositol, Licopeno y Lute\u00edna. Mezcla Opti-Viri: 8 productos bot\u00e1nicos ex\u00f3ticos y concentrados marinos para mejorar la virilidad masculina. Contiene Saw Palmetto en polvo, hoja de Damiana en polvo, ra\u00edz de Ginseng coreano en polvo, extracto de corteza de pygeum, hoja de Ginkgo Biloba en polvo, concentrado crudo de Oyster, hoja de Ortigas en polvo y semilla de calabaza. La mejor soluci\u00f3n No tendr\u00edas por qu\u00e9 usar docenas de pastillas ni tragarte el contenido de botellas y sobres para obtener los nutrientes diarios.\u00a0OPTI-MEN\u00ae\u00a0proporciona todo lo b\u00e1sico en una tableta completa y pr\u00e1ctica para tomar ma\u00f1ana, tarde y noche. Es el sistema nutricional definitivo para los hombres activos. Ingredientes Mezcla de Amino\u00e1cidos (Arginina, L-Glutamina, Isoleucina, L-Ciste\u00edna, Lisina, Valina, L-Treonina), Mel\u00f3n, Sand\u00eda, Ciruela (Polvo de Jugo de Ciruela), Ruibarbo Chino (Ra\u00edz de Ruibarbo Chino), Bioflavonoides C\u00edtricos, Berro, Ajo (Polvo Desodorizado de Ajo), Quelpo (Polvo Quelpo), Rutina, T\u00e9 Verde (Extracto de T\u00e9 Verde), Jengibre (Ra\u00edz de Jengibre), Flor de la Pasi\u00f3n (Extracto de Flor de la Pasi\u00f3n), Semilla de Uva (80% Polifenoles), Hoja de Olivo, Ar\u00e1ndanos (Extracto de Ar\u00e1ndano), \u00d1ame Silvestre (Extracto de \u00d1ame Silvestre), Zanahoria (Zanahoria en Polvo), Papaya (Extracto de Papaya), Naranja (Extracto de Naranja), Espinacas, Concentrado de Jugo de Pi\u00f1a, Coliflor, Coles de Bruselas, Br\u00f3coli (Extracto de Br\u00f3coli), Manzana (Extracto de Manzana), Kiwi (Extracto de Kiwi), Melocot\u00f3n (Melocot\u00f3n en Polvo), Mezcla de Enzimas Digestivas (Papaina, Bromelaina, Amilasa, Lipasa), \u00c1cido Alfa Lipoico, \u00c1cido Paraaminobenzoico, Colina, Inositol, Licopeno, Lute\u00edna Otros ingredientes: \u00c1cido Este\u00e1rico, Estearato de Magnesio, S\u00edlice, Croscarmelosa de Sodio, Celulosa Microcristalina, Maltodextrina, Grado Farmac\u00e9utico Modo de empleo Como suplemento diet\u00e9tico para hombres, tomar 1 comprimido tres veces al d\u00eda con comida (desayuno, comida y cena).<\/p>\n","protected":false},"excerpt":{"rendered":"<p>DESCRIPCION OPTI-MEN\u00ae\u00a0de\u00a0OPTIMUM NUTRITION\u00a0es el multivitam\u00ednico en comprimidos para la salud general de los hombres, contiene m\u00e1s de 75 ingredientes activos y nutrientes esenciales.\u00a0OPTI-MEN\u00ae\u00a0es mucho m\u00e1s que un multivitam\u00ednico, es una combinaci\u00f3n de vitaminas, minerales y una mezcla de hierbas usadas por los hombres. Te aporta todos los nutrientes que el organismo su otganismo necesita para [&hellip;]<\/p>\n","protected":false},"featured_media":2202,"comment_status":"open","ping_status":"closed","template":"","meta":{"site-sidebar-layout":"default","site-content-layout":"","ast-site-content-layout":"default","site-content-style":"default","site-sidebar-style":"default","ast-global-header-display":"","ast-banner-title-visibility":"","ast-main-header-display":"","ast-hfb-above-header-display":"","ast-hfb-below-header-display":"","ast-hfb-mobile-header-display":"","site-post-title":"","ast-breadcrumbs-content":"","ast-featured-img":"","footer-sml-layout":"","ast-disable-related-posts":"","theme-transparent-header-meta":"default","adv-header-id-meta":"","stick-header-meta":"","header-above-stick-meta":"","header-main-stick-meta":"","header-below-stick-meta":"","astra-migrate-meta-layouts":"set","ast-page-background-enabled":"default","ast-page-background-meta":{"desktop":{"background-color":"var(--ast-global-color-4)","background-image":"","background-repeat":"repeat","background-position":"center center","background-size":"auto","background-attachment":"scroll","background-type":"","background-media":"","overlay-type":"","overlay-color":"","overlay-opacity":"","overlay-gradient":""},"tablet":{"background-color":"","background-image":"","background-repeat":"repeat","background-position":"center center","background-size":"auto","background-attachment":"scroll","background-type":"","background-media":"","overlay-type":"","overlay-color":"","overlay-opacity":"","overlay-gradient":""},"mobile":{"background-color":"","background-image":"","background-repeat":"repeat","background-position":"center center","background-size":"auto","background-attachment":"scroll","background-type":"","background-media":"","overlay-type":"","overlay-color":"","overlay-opacity":"","overlay-gradient":""}},"ast-content-background-meta":{"desktop":{"background-color":"var(--ast-global-color-5)","background-image":"","background-repeat":"repeat","background-position":"center center","background-size":"auto","background-attachment":"scroll","background-type":"","background-media":"","overlay-type":"","overlay-color":"","overlay-opacity":"","overlay-gradient":""},"tablet":{"background-color":"var(--ast-global-color-5)","background-image":"","background-repeat":"repeat","background-position":"center center","background-size":"auto","background-attachment":"scroll","background-type":"","background-media":"","overlay-type":"","overlay-color":"","overlay-opacity":"","overlay-gradient":""},"mobile":{"background-color":"var(--ast-global-color-5)","background-image":"","background-repeat":"repeat","background-position":"center center","background-size":"auto","background-attachment":"scroll","background-type":"","background-media":"","overlay-type":"","overlay-color":"","overlay-opacity":"","overlay-gradient":""}}},"product_cat":[39,29],"product_tag":[47],"_links":{"self":[{"href":"https:\/\/vaejfit.com\/index.php\/wp-json\/wp\/v2\/product\/2201"}],"collection":[{"href":"https:\/\/vaejfit.com\/index.php\/wp-json\/wp\/v2\/product"}],"about":[{"href":"https:\/\/vaejfit.com\/index.php\/wp-json\/wp\/v2\/types\/product"}],"replies":[{"embeddable":true,"href":"https:\/\/vaejfit.com\/index.php\/wp-json\/wp\/v2\/comments?post=2201"}],"wp:featuredmedia":[{"embeddable":true,"href":"https:\/\/vaejfit.com\/index.php\/wp-json\/wp\/v2\/media\/2202"}],"wp:attachment":[{"href":"https:\/\/vaejfit.com\/index.php\/wp-json\/wp\/v2\/media?parent=2201"}],"wp:term":[{"taxonomy":"product_cat","embeddable":true,"href":"https:\/\/vaejfit.com\/index.php\/wp-json\/wp\/v2\/product_cat?post=2201"},{"taxonomy":"product_tag","embeddable":true,"href":"https:\/\/vaejfit.com\/index.php\/wp-json\/wp\/v2\/product_tag?post=2201"}],"curies":[{"name":"wp","href":"https:\/\/api.w.org\/{rel}","templated":true}]}}