{"id":2194,"date":"2023-09-01T16:31:32","date_gmt":"2023-09-01T16:31:32","guid":{"rendered":"https:\/\/vaejfit.com\/?post_type=product&#038;p=2194"},"modified":"2025-12-07T02:42:44","modified_gmt":"2025-12-07T02:42:44","slug":"combo-monster-test","status":"publish","type":"product","link":"https:\/\/vaejfit.com\/index.php\/product\/combo-monster-test\/","title":{"rendered":"COMBO MONSTER TEST"},"content":{"rendered":"<p>Es el suplemento de m\u00e1xima potencia para aumentar la testosterona m\u00e1s reciente que llega al mercado.\u00a0Est\u00e1 dise\u00f1ado para ayudar a que el hombre promedio que busca aumentar la masa y la fuerza muscular y aumentar su energ\u00eda y su deseo sexual.\u00a0Este producto contiene m\u00e1s de 6,000 mg de 100% vitaminas naturales, minerales, \u00e1cidos y amino\u00e1cidos y hierbas.<\/p>\n<p>&nbsp;<\/p>\n<p><strong>Beneficios:<\/strong><\/p>\n<ul>\n<li>-R\u00e1pido crecimiento muscular y mejora la fuerza<\/li>\n<li>-Aumenta los niveles de testosterona<\/li>\n<li>-Eleva el rendimiento deportivo, la resistencia y la recuperaci\u00f3n<\/li>\n<li>-Aumenta los niveles de energ\u00eda<\/li>\n<li>-Mejora el deseo sexual<\/li>\n<li>-Apoya la salud de las articulaciones<\/li>\n<li>-Tambi\u00e9n actuamos como un multivitam\u00ednico para la salud en general<\/li>\n<\/ul>\n<p><strong>Modo de uso de Monster Test:<\/strong><\/p>\n<p>Tomar 2 dosis al d\u00eda, incluyendo los d\u00edas en los que no realiza actividad f\u00edsica.\u00a0Tome una c\u00e1psula con la primera comida del d\u00eda (desayuno).\u00a0Tome una c\u00e1psula antes de dormir<\/p>\n<p><strong>Tama\u00f1o:<\/strong><\/p>\n<p>120 Tabletas<\/p>\n","protected":false},"excerpt":{"rendered":"<p>Es el suplemento de m\u00e1xima potencia para aumentar la testosterona m\u00e1s reciente que llega al mercado.\u00a0Est\u00e1 dise\u00f1ado para ayudar a que el hombre promedio que busca aumentar la masa y la fuerza muscular y aumentar su energ\u00eda y su deseo sexual.\u00a0Este producto contiene m\u00e1s de 6,000 mg de 100% vitaminas naturales, minerales, \u00e1cidos y amino\u00e1cidos [&hellip;]<\/p>\n","protected":false},"featured_media":2195,"comment_status":"open","ping_status":"closed","template":"","meta":{"site-sidebar-layout":"default","site-content-layout":"","ast-site-content-layout":"default","site-content-style":"default","site-sidebar-style":"default","ast-global-header-display":"","ast-banner-title-visibility":"","ast-main-header-display":"","ast-hfb-above-header-display":"","ast-hfb-below-header-display":"","ast-hfb-mobile-header-display":"","site-post-title":"","ast-breadcrumbs-content":"","ast-featured-img":"","footer-sml-layout":"","ast-disable-related-posts":"","theme-transparent-header-meta":"default","adv-header-id-meta":"","stick-header-meta":"","header-above-stick-meta":"","header-main-stick-meta":"","header-below-stick-meta":"","astra-migrate-meta-layouts":"set","ast-page-background-enabled":"default","ast-page-background-meta":{"desktop":{"background-color":"var(--ast-global-color-4)","background-image":"","background-repeat":"repeat","background-position":"center center","background-size":"auto","background-attachment":"scroll","background-type":"","background-media":"","overlay-type":"","overlay-color":"","overlay-opacity":"","overlay-gradient":""},"tablet":{"background-color":"","background-image":"","background-repeat":"repeat","background-position":"center center","background-size":"auto","background-attachment":"scroll","background-type":"","background-media":"","overlay-type":"","overlay-color":"","overlay-opacity":"","overlay-gradient":""},"mobile":{"background-color":"","background-image":"","background-repeat":"repeat","background-position":"center center","background-size":"auto","background-attachment":"scroll","background-type":"","background-media":"","overlay-type":"","overlay-color":"","overlay-opacity":"","overlay-gradient":""}},"ast-content-background-meta":{"desktop":{"background-color":"var(--ast-global-color-5)","background-image":"","background-repeat":"repeat","background-position":"center center","background-size":"auto","background-attachment":"scroll","background-type":"","background-media":"","overlay-type":"","overlay-color":"","overlay-opacity":"","overlay-gradient":""},"tablet":{"background-color":"var(--ast-global-color-5)","background-image":"","background-repeat":"repeat","background-position":"center center","background-size":"auto","background-attachment":"scroll","background-type":"","background-media":"","overlay-type":"","overlay-color":"","overlay-opacity":"","overlay-gradient":""},"mobile":{"background-color":"var(--ast-global-color-5)","background-image":"","background-repeat":"repeat","background-position":"center center","background-size":"auto","background-attachment":"scroll","background-type":"","background-media":"","overlay-type":"","overlay-color":"","overlay-opacity":"","overlay-gradient":""}}},"product_cat":[52,29],"product_tag":[47],"_links":{"self":[{"href":"https:\/\/vaejfit.com\/index.php\/wp-json\/wp\/v2\/product\/2194"}],"collection":[{"href":"https:\/\/vaejfit.com\/index.php\/wp-json\/wp\/v2\/product"}],"about":[{"href":"https:\/\/vaejfit.com\/index.php\/wp-json\/wp\/v2\/types\/product"}],"replies":[{"embeddable":true,"href":"https:\/\/vaejfit.com\/index.php\/wp-json\/wp\/v2\/comments?post=2194"}],"wp:featuredmedia":[{"embeddable":true,"href":"https:\/\/vaejfit.com\/index.php\/wp-json\/wp\/v2\/media\/2195"}],"wp:attachment":[{"href":"https:\/\/vaejfit.com\/index.php\/wp-json\/wp\/v2\/media?parent=2194"}],"wp:term":[{"taxonomy":"product_cat","embeddable":true,"href":"https:\/\/vaejfit.com\/index.php\/wp-json\/wp\/v2\/product_cat?post=2194"},{"taxonomy":"product_tag","embeddable":true,"href":"https:\/\/vaejfit.com\/index.php\/wp-json\/wp\/v2\/product_tag?post=2194"}],"curies":[{"name":"wp","href":"https:\/\/api.w.org\/{rel}","templated":true}]}}