{"id":2165,"date":"2023-09-01T15:57:17","date_gmt":"2023-09-01T15:57:17","guid":{"rendered":"https:\/\/vaejfit.com\/?post_type=product&#038;p=2165"},"modified":"2025-10-12T21:01:45","modified_gmt":"2025-10-12T21:01:45","slug":"syntha-6-5-lbs","status":"publish","type":"product","link":"https:\/\/vaejfit.com\/index.php\/product\/syntha-6-5-lbs\/","title":{"rendered":"SYNTHA 6 5 LBS"},"content":{"rendered":"<h2 class=\"ui-pdp-description__title\">Descripci\u00f3n<\/h2>\n<p class=\"ui-pdp-description__content\">Es una prote\u00edna en polvo ultra-premium con el mejor sabor del mercado, No s\u00f3lo incluye amino\u00e1cidos esenciales y \u00e1cidos grasos esenciales, tambi\u00e9n es una excelente fuente de fibra y contiene 6Grs de grasa por porci\u00f3n, lo que hace que sea un suplemento de prote\u00edna nutritiva y multi-funcional. Syntha 6 5lbs es el refuerzo a la nutrici\u00f3n para cualquier r\u00e9gimen de ejercicios, ya que est\u00e1 dise\u00f1ado para adaptarse a una variedad de estilos de vida activos y los planes de dieta.<br \/>\nEl alto nivel de prote\u00edna de calidad viene con sabor a la altura, gracias a la tecnolog\u00eda exclusiva en sabor de BSN.<\/p>\n<p>Scoop de 48Grs.<br \/>\n5Grs de Fibra.<br \/>\n180Mgs de Sodio.<br \/>\n22Grs de prote\u00edna por servicio.<br \/>\n10Grs de Carbohidratos.<br \/>\n190 calor\u00edas.<\/p>\n<p>REGISTRO INVIMA RSA-0020547-2022<\/p>\n<p>Somos DUQUEOUTLET Tienda De Suplementos Con Mas de 4 A\u00f1os De Experiencia En El Mercado, Manejamos Suplementacion Deportiva Nacional E Importada.<\/p>\n","protected":false},"excerpt":{"rendered":"<p>Descripci\u00f3n Es una prote\u00edna en polvo ultra-premium con el mejor sabor del mercado, No s\u00f3lo incluye amino\u00e1cidos esenciales y \u00e1cidos grasos esenciales, tambi\u00e9n es una excelente fuente de fibra y contiene 6Grs de grasa por porci\u00f3n, lo que hace que sea un suplemento de prote\u00edna nutritiva y multi-funcional. Syntha 6 5lbs es el refuerzo a [&hellip;]<\/p>\n","protected":false},"featured_media":2167,"comment_status":"open","ping_status":"closed","template":"","meta":{"site-sidebar-layout":"default","site-content-layout":"","ast-site-content-layout":"default","site-content-style":"default","site-sidebar-style":"default","ast-global-header-display":"","ast-banner-title-visibility":"","ast-main-header-display":"","ast-hfb-above-header-display":"","ast-hfb-below-header-display":"","ast-hfb-mobile-header-display":"","site-post-title":"","ast-breadcrumbs-content":"","ast-featured-img":"","footer-sml-layout":"","ast-disable-related-posts":"","theme-transparent-header-meta":"default","adv-header-id-meta":"","stick-header-meta":"","header-above-stick-meta":"","header-main-stick-meta":"","header-below-stick-meta":"","astra-migrate-meta-layouts":"set","ast-page-background-enabled":"default","ast-page-background-meta":{"desktop":{"background-color":"var(--ast-global-color-4)","background-image":"","background-repeat":"repeat","background-position":"center center","background-size":"auto","background-attachment":"scroll","background-type":"","background-media":"","overlay-type":"","overlay-color":"","overlay-opacity":"","overlay-gradient":""},"tablet":{"background-color":"","background-image":"","background-repeat":"repeat","background-position":"center center","background-size":"auto","background-attachment":"scroll","background-type":"","background-media":"","overlay-type":"","overlay-color":"","overlay-opacity":"","overlay-gradient":""},"mobile":{"background-color":"","background-image":"","background-repeat":"repeat","background-position":"center center","background-size":"auto","background-attachment":"scroll","background-type":"","background-media":"","overlay-type":"","overlay-color":"","overlay-opacity":"","overlay-gradient":""}},"ast-content-background-meta":{"desktop":{"background-color":"var(--ast-global-color-5)","background-image":"","background-repeat":"repeat","background-position":"center center","background-size":"auto","background-attachment":"scroll","background-type":"","background-media":"","overlay-type":"","overlay-color":"","overlay-opacity":"","overlay-gradient":""},"tablet":{"background-color":"var(--ast-global-color-5)","background-image":"","background-repeat":"repeat","background-position":"center center","background-size":"auto","background-attachment":"scroll","background-type":"","background-media":"","overlay-type":"","overlay-color":"","overlay-opacity":"","overlay-gradient":""},"mobile":{"background-color":"var(--ast-global-color-5)","background-image":"","background-repeat":"repeat","background-position":"center center","background-size":"auto","background-attachment":"scroll","background-type":"","background-media":"","overlay-type":"","overlay-color":"","overlay-opacity":"","overlay-gradient":""}}},"product_cat":[30,28],"product_tag":[47],"_links":{"self":[{"href":"https:\/\/vaejfit.com\/index.php\/wp-json\/wp\/v2\/product\/2165"}],"collection":[{"href":"https:\/\/vaejfit.com\/index.php\/wp-json\/wp\/v2\/product"}],"about":[{"href":"https:\/\/vaejfit.com\/index.php\/wp-json\/wp\/v2\/types\/product"}],"replies":[{"embeddable":true,"href":"https:\/\/vaejfit.com\/index.php\/wp-json\/wp\/v2\/comments?post=2165"}],"wp:featuredmedia":[{"embeddable":true,"href":"https:\/\/vaejfit.com\/index.php\/wp-json\/wp\/v2\/media\/2167"}],"wp:attachment":[{"href":"https:\/\/vaejfit.com\/index.php\/wp-json\/wp\/v2\/media?parent=2165"}],"wp:term":[{"taxonomy":"product_cat","embeddable":true,"href":"https:\/\/vaejfit.com\/index.php\/wp-json\/wp\/v2\/product_cat?post=2165"},{"taxonomy":"product_tag","embeddable":true,"href":"https:\/\/vaejfit.com\/index.php\/wp-json\/wp\/v2\/product_tag?post=2165"}],"curies":[{"name":"wp","href":"https:\/\/api.w.org\/{rel}","templated":true}]}}