{"id":2162,"date":"2023-09-01T15:55:08","date_gmt":"2023-09-01T15:55:08","guid":{"rendered":"https:\/\/vaejfit.com\/?post_type=product&#038;p=2162"},"modified":"2023-09-01T15:57:06","modified_gmt":"2023-09-01T15:57:06","slug":"serious-mass-6-lbs","status":"publish","type":"product","link":"https:\/\/vaejfit.com\/index.php\/product\/serious-mass-6-lbs\/","title":{"rendered":"Serious Mass 6 Lbs"},"content":{"rendered":"<h2 class=\"ui-pdp-description__title\">Descripci\u00f3n<\/h2>\n<p class=\"ui-pdp-description__content\">Preguntar por el sabor disponible<br \/>\nSerious Mass proporciona las herramientas que necesitas para ganar kilos y cuando se combina con esfuerzo serio en la sala de pesas, desarrolla tu f\u00edsico tanto como sea posible.<\/p>\n<p>DESCRIPCI\u00d3N SERIOUS MASS<\/p>\n<p>Serious Mass, es una prote\u00edna ganadora de masa, volumen, peso y fuerza; contiene una mezcla de prote\u00ednas de alto valor biol\u00f3gico (prote\u00edna aislada y concentrada del suero, caseinato de calcio y albumina de huevo), te aporta 1,250 calor\u00edas, 50 gramos de prote\u00edna y m\u00e1s de 253 gramos de carbohidratos, cargada con un amplio perfil de amino\u00e1cidos, vitaminas, minerales y 1 gramo de creatina monohidratada.<\/p>\n<p>BENEFICIOS<\/p>\n<p>\u2013 Cargada con 1270 calor\u00edas<br \/>\n\u2013 Matriz de enzimas digestivas<br \/>\n\u2013 50 gramos de prote\u00edna<br \/>\n\u2013 252 gramos de carbohidratos por servicio<\/p>\n<p>MODO DE USO<\/p>\n<p>Consumir 2 scoops por d\u00eda, 1 en la ma\u00f1ana al despertar y 1 despu\u00e9s del entrenamiento<\/p>\n","protected":false},"excerpt":{"rendered":"<p>Descripci\u00f3n Preguntar por el sabor disponible Serious Mass proporciona las herramientas que necesitas para ganar kilos y cuando se combina con esfuerzo serio en la sala de pesas, desarrolla tu f\u00edsico tanto como sea posible. DESCRIPCI\u00d3N SERIOUS MASS Serious Mass, es una prote\u00edna ganadora de masa, volumen, peso y fuerza; contiene una mezcla de prote\u00ednas [&hellip;]<\/p>\n","protected":false},"featured_media":2163,"comment_status":"open","ping_status":"closed","template":"","meta":{"site-sidebar-layout":"default","site-content-layout":"","ast-site-content-layout":"default","site-content-style":"default","site-sidebar-style":"default","ast-global-header-display":"","ast-banner-title-visibility":"","ast-main-header-display":"","ast-hfb-above-header-display":"","ast-hfb-below-header-display":"","ast-hfb-mobile-header-display":"","site-post-title":"","ast-breadcrumbs-content":"","ast-featured-img":"","footer-sml-layout":"","ast-disable-related-posts":"","theme-transparent-header-meta":"default","adv-header-id-meta":"","stick-header-meta":"","header-above-stick-meta":"","header-main-stick-meta":"","header-below-stick-meta":"","astra-migrate-meta-layouts":"set","ast-page-background-enabled":"default","ast-page-background-meta":{"desktop":{"background-color":"var(--ast-global-color-4)","background-image":"","background-repeat":"repeat","background-position":"center center","background-size":"auto","background-attachment":"scroll","background-type":"","background-media":"","overlay-type":"","overlay-color":"","overlay-opacity":"","overlay-gradient":""},"tablet":{"background-color":"","background-image":"","background-repeat":"repeat","background-position":"center center","background-size":"auto","background-attachment":"scroll","background-type":"","background-media":"","overlay-type":"","overlay-color":"","overlay-opacity":"","overlay-gradient":""},"mobile":{"background-color":"","background-image":"","background-repeat":"repeat","background-position":"center center","background-size":"auto","background-attachment":"scroll","background-type":"","background-media":"","overlay-type":"","overlay-color":"","overlay-opacity":"","overlay-gradient":""}},"ast-content-background-meta":{"desktop":{"background-color":"var(--ast-global-color-5)","background-image":"","background-repeat":"repeat","background-position":"center center","background-size":"auto","background-attachment":"scroll","background-type":"","background-media":"","overlay-type":"","overlay-color":"","overlay-opacity":"","overlay-gradient":""},"tablet":{"background-color":"var(--ast-global-color-5)","background-image":"","background-repeat":"repeat","background-position":"center center","background-size":"auto","background-attachment":"scroll","background-type":"","background-media":"","overlay-type":"","overlay-color":"","overlay-opacity":"","overlay-gradient":""},"mobile":{"background-color":"var(--ast-global-color-5)","background-image":"","background-repeat":"repeat","background-position":"center center","background-size":"auto","background-attachment":"scroll","background-type":"","background-media":"","overlay-type":"","overlay-color":"","overlay-opacity":"","overlay-gradient":""}}},"product_cat":[28,39],"product_tag":[47],"_links":{"self":[{"href":"https:\/\/vaejfit.com\/index.php\/wp-json\/wp\/v2\/product\/2162"}],"collection":[{"href":"https:\/\/vaejfit.com\/index.php\/wp-json\/wp\/v2\/product"}],"about":[{"href":"https:\/\/vaejfit.com\/index.php\/wp-json\/wp\/v2\/types\/product"}],"replies":[{"embeddable":true,"href":"https:\/\/vaejfit.com\/index.php\/wp-json\/wp\/v2\/comments?post=2162"}],"wp:featuredmedia":[{"embeddable":true,"href":"https:\/\/vaejfit.com\/index.php\/wp-json\/wp\/v2\/media\/2163"}],"wp:attachment":[{"href":"https:\/\/vaejfit.com\/index.php\/wp-json\/wp\/v2\/media?parent=2162"}],"wp:term":[{"taxonomy":"product_cat","embeddable":true,"href":"https:\/\/vaejfit.com\/index.php\/wp-json\/wp\/v2\/product_cat?post=2162"},{"taxonomy":"product_tag","embeddable":true,"href":"https:\/\/vaejfit.com\/index.php\/wp-json\/wp\/v2\/product_tag?post=2162"}],"curies":[{"name":"wp","href":"https:\/\/api.w.org\/{rel}","templated":true}]}}