{"id":2143,"date":"2023-09-01T15:32:29","date_gmt":"2023-09-01T15:32:29","guid":{"rendered":"https:\/\/vaejfit.com\/?post_type=product&#038;p=2143"},"modified":"2023-09-01T15:34:08","modified_gmt":"2023-09-01T15:34:08","slug":"platinum-multi-vitamin-90-caps","status":"publish","type":"product","link":"https:\/\/vaejfit.com\/index.php\/product\/platinum-multi-vitamin-90-caps\/","title":{"rendered":"PLATINUM MULTI VITAMIN (90 CAPS)"},"content":{"rendered":"<p><strong>Platinum Multivitamin<\/strong>\u2122 dentro de la l\u00ednea Essential Series de la marca N\u00ba1 en todo el mundo Muscletech\u00ae es un multivitam\u00ednico muy avanzado con vitaminas y minerales de alta potencia, que incluye en su composici\u00f3n las vitaminas antioxidantes C y E.<\/p>\n<p>Adem\u00e1s de las vitaminas y minerales, Platinum Multivitamin\u2122 te proporciona un paquete completo de extractos herbales con importantes funciones para el atleta que entrena con intensidad, un paquete con importantes amino\u00e1cidos y un complejo de enzimas digestivas.<\/p>\n<h3>PRINCIPALES BENEFICIOS<\/h3>\n<ul>\n<li>Multivitam\u00ednico avanzado para atletas que entrenen de forma seria.<\/li>\n<li>Contiene 20 vitaminas y minerales en cada dosis.<\/li>\n<li>Proporciona 865 mg de soporte de amino\u00e1cidos por servicio.<\/li>\n<li>Contiene muchos extractos herbales importantes en el rendimiento deportivo.<\/li>\n<li>Con enzimas digestivas para una mejor digesti\u00f3n y absorci\u00f3n.<\/li>\n<li>Perfecto para combinar con otros suplementos.<\/li>\n<li>Soporte para 30 d\u00edas.<\/li>\n<\/ul>\n<p>&nbsp;<\/p>\n<h3>UN MULTIVITAM\u00cdNICO AVANZADO<\/h3>\n<p><strong>Platinum Multivitamin<\/strong>\u2122 te proporciona un paquete de vitaminas y minerales de alta potencia en cada dosis. Platinum Multivitamin\u2122 ha sido dise\u00f1ado para entregar 20 vitaminas y minerales, incluyendo las vitaminas antioxidantes C y E para apoyar la salud general del atleta.<\/p>\n<h3>LA VENTAJA DE UN MULTIVITAM\u00cdNICO PLATINUM<\/h3>\n<p>Cada envase de Platinum Multivitamin\u2122 te proporciona las tabletas necesarias para 30 d\u00edas completos. Esta f\u00f3rmula multivitam\u00ednica avanzada tambi\u00e9n te proporciona 865mg de apoyo de amino\u00e1cidos.<\/p>\n<p>Se trata del multivitam\u00ednico ideal para combinar con el cualquier otro producto de de la l\u00ednea Essential Series\u2122 de Muscletech.<\/p>\n<h3>\u00bfQU\u00c9 CONTIENE LA F\u00d3RMULA DE PLATINUM MULTIVITAMIN\u2122?<\/h3>\n<p>Contiene un paquete completo de vitaminas y minerales compuesto por Vitamina A (como acetato de retinol y betacaroteno), Vitamina C (como \u00e1cido asc\u00f3rbico y ascorbato de calcio), Vitamina D (como colecalciferol), Vitamina E (como acetato de DL-alfa-tocoferol, acetato de D-alfatocoferol), Tiamina (mononitrato de tiamina), Riboflavina, Niacina (como niacinamida y \u00e1cido nicot\u00ednico), Vitamina B6 (como piridoxina HCl y piridoxal-5-fosfato), \u00c1cido F\u00f3lico, Vitamina B12 (cianocobalamina), Biotina, \u00c1cido pantot\u00e9nico (como D-pantotenato de calcio), Calcio (como carbonato de calcio y citrato de calcio), Magnesio (en \u00f3xido de magnesio), Cinc (como \u00f3xido de cinc, quelato de amino\u00e1cidos de cinc), Cobre (amino\u00e1cido quelato de cobre), Manganeso (como sulfato de manganeso monohidrato), Molibdeno (como amino\u00e1cido quelato de molibdeno) y Potasio (cloruro de potasio).<\/p>\n<p>Contiene una matriz de apoyo con importantes amino\u00e1cidos como la Glicina, ALA (\u00e1cido alfa lipoico), L-metionina, L-citrulina malato, L-arginina HCl y L-ciste\u00edna.<\/p>\n<p>Una matriz con extractos herbales como el Extracto de hoja de t\u00e9 verde (como Camellia sinensis) estandarizado para 15% de epigalocatequina galato, Extracto del fruto de palma enana americana (como Serenoa repens) estandarizado para 25% de \u00e1cidos grasos, Extracto de ra\u00edz de ginseng americano (como Panax quinquefolius) estandarizado para 25% de \u00e1cidos grasos, Ra\u00edz de Echinacea augustifolia, Hojas de ginkgo (Ginkgo biloba), Extracto de piel de uva (como Vitis vinifera) estandarizado para 27% polifenoles y 4,5% antocianinas, Extracto de granos de caf\u00e9 verde (como Coffea arabica) estandarizado para 45% de \u00e1cidos clorog\u00e9nicos, Rizoma de Curcuma longa y Octacosanol.<\/p>\n<p>Un complejo enzim\u00e1tico que contiene Amilasa y Papa\u00edna para una mejor digesti\u00f3n y absorci\u00f3n de todos los compuestos.<\/p>\n<p>Un complejo de refuerzo de amino\u00e1cidos y minerales compuesto por Inositol, Boro (como citrato de boro) y Colina (como bitartrato de colina, dihidr\u00f3geno citrato de colina).<\/p>\n","protected":false},"excerpt":{"rendered":"<p>Platinum Multivitamin\u2122 dentro de la l\u00ednea Essential Series de la marca N\u00ba1 en todo el mundo Muscletech\u00ae es un multivitam\u00ednico muy avanzado con vitaminas y minerales de alta potencia, que incluye en su composici\u00f3n las vitaminas antioxidantes C y E. Adem\u00e1s de las vitaminas y minerales, Platinum Multivitamin\u2122 te proporciona un paquete completo de extractos [&hellip;]<\/p>\n","protected":false},"featured_media":2144,"comment_status":"open","ping_status":"closed","template":"","meta":{"site-sidebar-layout":"default","site-content-layout":"","ast-site-content-layout":"default","site-content-style":"default","site-sidebar-style":"default","ast-global-header-display":"","ast-banner-title-visibility":"","ast-main-header-display":"","ast-hfb-above-header-display":"","ast-hfb-below-header-display":"","ast-hfb-mobile-header-display":"","site-post-title":"","ast-breadcrumbs-content":"","ast-featured-img":"","footer-sml-layout":"","ast-disable-related-posts":"","theme-transparent-header-meta":"default","adv-header-id-meta":"","stick-header-meta":"","header-above-stick-meta":"","header-main-stick-meta":"","header-below-stick-meta":"","astra-migrate-meta-layouts":"set","ast-page-background-enabled":"default","ast-page-background-meta":{"desktop":{"background-color":"var(--ast-global-color-4)","background-image":"","background-repeat":"repeat","background-position":"center center","background-size":"auto","background-attachment":"scroll","background-type":"","background-media":"","overlay-type":"","overlay-color":"","overlay-opacity":"","overlay-gradient":""},"tablet":{"background-color":"","background-image":"","background-repeat":"repeat","background-position":"center center","background-size":"auto","background-attachment":"scroll","background-type":"","background-media":"","overlay-type":"","overlay-color":"","overlay-opacity":"","overlay-gradient":""},"mobile":{"background-color":"","background-image":"","background-repeat":"repeat","background-position":"center center","background-size":"auto","background-attachment":"scroll","background-type":"","background-media":"","overlay-type":"","overlay-color":"","overlay-opacity":"","overlay-gradient":""}},"ast-content-background-meta":{"desktop":{"background-color":"var(--ast-global-color-5)","background-image":"","background-repeat":"repeat","background-position":"center center","background-size":"auto","background-attachment":"scroll","background-type":"","background-media":"","overlay-type":"","overlay-color":"","overlay-opacity":"","overlay-gradient":""},"tablet":{"background-color":"var(--ast-global-color-5)","background-image":"","background-repeat":"repeat","background-position":"center center","background-size":"auto","background-attachment":"scroll","background-type":"","background-media":"","overlay-type":"","overlay-color":"","overlay-opacity":"","overlay-gradient":""},"mobile":{"background-color":"var(--ast-global-color-5)","background-image":"","background-repeat":"repeat","background-position":"center center","background-size":"auto","background-attachment":"scroll","background-type":"","background-media":"","overlay-type":"","overlay-color":"","overlay-opacity":"","overlay-gradient":""}}},"product_cat":[37,29],"product_tag":[47],"_links":{"self":[{"href":"https:\/\/vaejfit.com\/index.php\/wp-json\/wp\/v2\/product\/2143"}],"collection":[{"href":"https:\/\/vaejfit.com\/index.php\/wp-json\/wp\/v2\/product"}],"about":[{"href":"https:\/\/vaejfit.com\/index.php\/wp-json\/wp\/v2\/types\/product"}],"replies":[{"embeddable":true,"href":"https:\/\/vaejfit.com\/index.php\/wp-json\/wp\/v2\/comments?post=2143"}],"wp:featuredmedia":[{"embeddable":true,"href":"https:\/\/vaejfit.com\/index.php\/wp-json\/wp\/v2\/media\/2144"}],"wp:attachment":[{"href":"https:\/\/vaejfit.com\/index.php\/wp-json\/wp\/v2\/media?parent=2143"}],"wp:term":[{"taxonomy":"product_cat","embeddable":true,"href":"https:\/\/vaejfit.com\/index.php\/wp-json\/wp\/v2\/product_cat?post=2143"},{"taxonomy":"product_tag","embeddable":true,"href":"https:\/\/vaejfit.com\/index.php\/wp-json\/wp\/v2\/product_tag?post=2143"}],"curies":[{"name":"wp","href":"https:\/\/api.w.org\/{rel}","templated":true}]}}