{"id":2131,"date":"2023-09-01T14:35:44","date_gmt":"2023-09-01T14:35:44","guid":{"rendered":"https:\/\/vaejfit.com\/?post_type=product&#038;p=2131"},"modified":"2023-09-01T14:42:55","modified_gmt":"2023-09-01T14:42:55","slug":"legacy-50-servicios-uva","status":"publish","type":"product","link":"https:\/\/vaejfit.com\/index.php\/product\/legacy-50-servicios-uva\/","title":{"rendered":"SHIELD"},"content":{"rendered":"<p>Alimento en polvo de fruta deshidratada con polvo de frutos amarillos, fibra de manzana, t\u00e9 verde y espirulina sabor lemon. As\u00ed que, si eres una persona que NO le gusta incluir vegetales en su plato, te invitamos a conocer SHIELD, esta nueva propuesta de Proscience con un delicioso sabor, disfrutar\u00e1s de su consistencia de vegetales triturados. Este producto lo puede consumir cualquier persona. Dentro de la alimentaci\u00f3n, lo m\u00e1s importante es un balance adecuado en los alimentos, con un aporte adecuado de nutrientes, representados en comida real. Dentro de estos nutrientes, los vegetales deber\u00edan ser la parte m\u00e1s importante y representativa en un plato, para mejorar diferentes aspectos de nuestra salud. Lamentablemente, el consumo de verduras es muy limitado, y desde la ni\u00f1ez no se presta la suficiente importancia y no se educa al respecto, encontrando en la adultez, incluso fobia a los vegetales. SHIELD es un producto alimenticio porque ofrece una gran cantidad de vegetales triturados en forma de polvo, como: Jengibre, c\u00farcuma, espirulina, alfalfa, espinaca, br\u00f3coli, alcachofa, habichuela, pepino, apio y much\u00edsimos m\u00e1s. Ingredientes: Polvo Deshidratado De Frutos Amarillos, Fibra De Manzana, Espinaca en Polvo, Acelga en Polvo, Te Verde, Alfalfa en Polvo, Espirulina, Br\u00f3coli en Polvo, \u00c1cido C\u00edtrico(Acidulante), Papa\u00edna En Polvo, Carboximetilcelulosa (CMC), Coliflor En Polvo, Kale En Polvo, Apio Molido, Pepino Cohombro, Saborizante Id\u00e9ntico Al Natural (Lemon), Harina De Habichuela,\u00a0Alcachofa En Polvo, Jengibre, C\u00farcuma, Endulzante Artificial (Sucralosa), Cloruro De Calcio, Antioxidante (\u00c1cido Asc\u00f3rbico), Polen En Polvo, Cloruro De Sodio, \u00d3xido De Magnesio, Di\u00f3xidoDe Silicio, Lactobacillus Acidophilus, Colorante Natural (Clorofila), Lactobacillus Bulgaricus, Lactobacillus Gasseri. Presentaci\u00f3n Comercial: Envase y Liners interno de seguridad. Material del Empaque: Envase pl\u00e1stico. M\u00e9todo de Conservaci\u00f3n: El producto debe estar almacenado en su empaque original a temperatura inferior a 30 \u00b0C y a una humedad relativa inferior a 75 %. No introducir elementos h\u00famedos, despu\u00e9s de abierto consumase en el menor tiempo posible. Contenido: Neto 450 g \/ 0,99 Lb \/ 15,87Oz. Servicios: 30 Scoops por envase. Sabor: Lemon. Modo o M\u00e9todo de Consumo o Preparaci\u00f3n: Mezclar 2 cucharas (15 g) del producto en 250 ml de agua, ag\u00edtese hasta tener un producto homog\u00e9neo, consumase una vez preparado. Formato de Venta: Polvo. Registro Sanitario: RSA-0009949-2020.<\/p>\n","protected":false},"excerpt":{"rendered":"<p>Alimento en polvo de fruta deshidratada con polvo de frutos amarillos, fibra de manzana, t\u00e9 verde y espirulina sabor lemon. As\u00ed que, si eres una persona que NO le gusta incluir vegetales en su plato, te invitamos a conocer SHIELD, esta nueva propuesta de Proscience con un delicioso sabor, disfrutar\u00e1s de su consistencia de vegetales [&hellip;]<\/p>\n","protected":false},"featured_media":2133,"comment_status":"open","ping_status":"closed","template":"","meta":{"site-sidebar-layout":"default","site-content-layout":"","ast-site-content-layout":"default","site-content-style":"default","site-sidebar-style":"default","ast-global-header-display":"","ast-banner-title-visibility":"","ast-main-header-display":"","ast-hfb-above-header-display":"","ast-hfb-below-header-display":"","ast-hfb-mobile-header-display":"","site-post-title":"","ast-breadcrumbs-content":"","ast-featured-img":"","footer-sml-layout":"","ast-disable-related-posts":"","theme-transparent-header-meta":"default","adv-header-id-meta":"","stick-header-meta":"","header-above-stick-meta":"","header-main-stick-meta":"","header-below-stick-meta":"","astra-migrate-meta-layouts":"set","ast-page-background-enabled":"default","ast-page-background-meta":{"desktop":{"background-color":"var(--ast-global-color-4)","background-image":"","background-repeat":"repeat","background-position":"center center","background-size":"auto","background-attachment":"scroll","background-type":"","background-media":"","overlay-type":"","overlay-color":"","overlay-opacity":"","overlay-gradient":""},"tablet":{"background-color":"","background-image":"","background-repeat":"repeat","background-position":"center center","background-size":"auto","background-attachment":"scroll","background-type":"","background-media":"","overlay-type":"","overlay-color":"","overlay-opacity":"","overlay-gradient":""},"mobile":{"background-color":"","background-image":"","background-repeat":"repeat","background-position":"center center","background-size":"auto","background-attachment":"scroll","background-type":"","background-media":"","overlay-type":"","overlay-color":"","overlay-opacity":"","overlay-gradient":""}},"ast-content-background-meta":{"desktop":{"background-color":"var(--ast-global-color-5)","background-image":"","background-repeat":"repeat","background-position":"center center","background-size":"auto","background-attachment":"scroll","background-type":"","background-media":"","overlay-type":"","overlay-color":"","overlay-opacity":"","overlay-gradient":""},"tablet":{"background-color":"var(--ast-global-color-5)","background-image":"","background-repeat":"repeat","background-position":"center center","background-size":"auto","background-attachment":"scroll","background-type":"","background-media":"","overlay-type":"","overlay-color":"","overlay-opacity":"","overlay-gradient":""},"mobile":{"background-color":"var(--ast-global-color-5)","background-image":"","background-repeat":"repeat","background-position":"center center","background-size":"auto","background-attachment":"scroll","background-type":"","background-media":"","overlay-type":"","overlay-color":"","overlay-opacity":"","overlay-gradient":""}}},"product_cat":[40,29],"product_tag":[47],"_links":{"self":[{"href":"https:\/\/vaejfit.com\/index.php\/wp-json\/wp\/v2\/product\/2131"}],"collection":[{"href":"https:\/\/vaejfit.com\/index.php\/wp-json\/wp\/v2\/product"}],"about":[{"href":"https:\/\/vaejfit.com\/index.php\/wp-json\/wp\/v2\/types\/product"}],"replies":[{"embeddable":true,"href":"https:\/\/vaejfit.com\/index.php\/wp-json\/wp\/v2\/comments?post=2131"}],"wp:featuredmedia":[{"embeddable":true,"href":"https:\/\/vaejfit.com\/index.php\/wp-json\/wp\/v2\/media\/2133"}],"wp:attachment":[{"href":"https:\/\/vaejfit.com\/index.php\/wp-json\/wp\/v2\/media?parent=2131"}],"wp:term":[{"taxonomy":"product_cat","embeddable":true,"href":"https:\/\/vaejfit.com\/index.php\/wp-json\/wp\/v2\/product_cat?post=2131"},{"taxonomy":"product_tag","embeddable":true,"href":"https:\/\/vaejfit.com\/index.php\/wp-json\/wp\/v2\/product_tag?post=2131"}],"curies":[{"name":"wp","href":"https:\/\/api.w.org\/{rel}","templated":true}]}}