{"id":1747,"date":"2023-08-19T20:45:49","date_gmt":"2023-08-19T20:45:49","guid":{"rendered":"https:\/\/vaejfit.com\/?post_type=product&#038;p=1747"},"modified":"2023-08-23T00:01:22","modified_gmt":"2023-08-23T00:01:22","slug":"gluta-stack","status":"publish","type":"product","link":"https:\/\/vaejfit.com\/index.php\/product\/gluta-stack\/","title":{"rendered":"Gluta Stack"},"content":{"rendered":"<div class=\"mb-3\">\n<div class=\"font-px\">\n<p>Gluta stack, es un producto dise\u00f1ado para todas aquellas personas que realicen actividad f\u00edsica de alta intensidad, Gluta Stack cuenta con 6.000 mg de glutamina, el amino\u00e1cido m\u00e1s degradado durante la actividad f\u00edsica, el consumo de glutamina trae numerosos beneficios ya que desempe\u00f1a una importante funci\u00f3n en el proceso de construcci\u00f3n muscular.<\/p>\n<ul class=\"list-group list-group-flush my-4\">\n<li class=\"list-group-item\">Registro Invima\u00a0<strong>RSA-0007776-2019<\/strong>.<\/li>\n<li class=\"list-group-item\">Glutamina en polvo.<\/li>\n<li class=\"list-group-item\">Delicioso sabor a frutos rojos.<\/li>\n<li class=\"list-group-item\">6 g Glutamina.<\/li>\n<li class=\"list-group-item\">100% valor diario de sulfato de Zinc.<\/li>\n<li class=\"list-group-item\">Cero Az\u00facar.<\/li>\n<li class=\"list-group-item\">0 Calor\u00edas.<\/li>\n<\/ul>\n<\/div>\n<\/div>\n","protected":false},"excerpt":{"rendered":"<p>Gluta stack, es un producto dise\u00f1ado para todas aquellas personas que realicen actividad f\u00edsica de alta intensidad, Gluta Stack cuenta con 6.000 mg de glutamina, el amino\u00e1cido m\u00e1s degradado durante la actividad f\u00edsica, el consumo de glutamina trae numerosos beneficios ya que desempe\u00f1a una importante funci\u00f3n en el proceso de construcci\u00f3n muscular. Registro Invima\u00a0RSA-0007776-2019. Glutamina [&hellip;]<\/p>\n","protected":false},"featured_media":1748,"comment_status":"open","ping_status":"closed","template":"","meta":{"site-sidebar-layout":"default","site-content-layout":"","ast-site-content-layout":"default","site-content-style":"default","site-sidebar-style":"default","ast-global-header-display":"","ast-banner-title-visibility":"","ast-main-header-display":"","ast-hfb-above-header-display":"","ast-hfb-below-header-display":"","ast-hfb-mobile-header-display":"","site-post-title":"","ast-breadcrumbs-content":"","ast-featured-img":"","footer-sml-layout":"","ast-disable-related-posts":"","theme-transparent-header-meta":"default","adv-header-id-meta":"","stick-header-meta":"","header-above-stick-meta":"","header-main-stick-meta":"","header-below-stick-meta":"","astra-migrate-meta-layouts":"set","ast-page-background-enabled":"default","ast-page-background-meta":{"desktop":{"background-color":"var(--ast-global-color-4)","background-image":"","background-repeat":"repeat","background-position":"center center","background-size":"auto","background-attachment":"scroll","background-type":"","background-media":"","overlay-type":"","overlay-color":"","overlay-opacity":"","overlay-gradient":""},"tablet":{"background-color":"","background-image":"","background-repeat":"repeat","background-position":"center center","background-size":"auto","background-attachment":"scroll","background-type":"","background-media":"","overlay-type":"","overlay-color":"","overlay-opacity":"","overlay-gradient":""},"mobile":{"background-color":"","background-image":"","background-repeat":"repeat","background-position":"center center","background-size":"auto","background-attachment":"scroll","background-type":"","background-media":"","overlay-type":"","overlay-color":"","overlay-opacity":"","overlay-gradient":""}},"ast-content-background-meta":{"desktop":{"background-color":"var(--ast-global-color-5)","background-image":"","background-repeat":"repeat","background-position":"center center","background-size":"auto","background-attachment":"scroll","background-type":"","background-media":"","overlay-type":"","overlay-color":"","overlay-opacity":"","overlay-gradient":""},"tablet":{"background-color":"var(--ast-global-color-5)","background-image":"","background-repeat":"repeat","background-position":"center center","background-size":"auto","background-attachment":"scroll","background-type":"","background-media":"","overlay-type":"","overlay-color":"","overlay-opacity":"","overlay-gradient":""},"mobile":{"background-color":"var(--ast-global-color-5)","background-image":"","background-repeat":"repeat","background-position":"center center","background-size":"auto","background-attachment":"scroll","background-type":"","background-media":"","overlay-type":"","overlay-color":"","overlay-opacity":"","overlay-gradient":""}}},"product_cat":[23,36],"product_tag":[47],"_links":{"self":[{"href":"https:\/\/vaejfit.com\/index.php\/wp-json\/wp\/v2\/product\/1747"}],"collection":[{"href":"https:\/\/vaejfit.com\/index.php\/wp-json\/wp\/v2\/product"}],"about":[{"href":"https:\/\/vaejfit.com\/index.php\/wp-json\/wp\/v2\/types\/product"}],"replies":[{"embeddable":true,"href":"https:\/\/vaejfit.com\/index.php\/wp-json\/wp\/v2\/comments?post=1747"}],"wp:featuredmedia":[{"embeddable":true,"href":"https:\/\/vaejfit.com\/index.php\/wp-json\/wp\/v2\/media\/1748"}],"wp:attachment":[{"href":"https:\/\/vaejfit.com\/index.php\/wp-json\/wp\/v2\/media?parent=1747"}],"wp:term":[{"taxonomy":"product_cat","embeddable":true,"href":"https:\/\/vaejfit.com\/index.php\/wp-json\/wp\/v2\/product_cat?post=1747"},{"taxonomy":"product_tag","embeddable":true,"href":"https:\/\/vaejfit.com\/index.php\/wp-json\/wp\/v2\/product_tag?post=1747"}],"curies":[{"name":"wp","href":"https:\/\/api.w.org\/{rel}","templated":true}]}}