{"id":1694,"date":"2023-08-18T00:36:01","date_gmt":"2023-08-18T00:36:01","guid":{"rendered":"https:\/\/vaejfit.com\/?post_type=product&#038;p=1694"},"modified":"2025-12-07T02:45:30","modified_gmt":"2025-12-07T02:45:30","slug":"possession-pre-entreno-kitcamisa-shaker-myth","status":"publish","type":"product","link":"https:\/\/vaejfit.com\/index.php\/product\/possession-pre-entreno-kitcamisa-shaker-myth\/","title":{"rendered":"POSSESSION Pre Entreno &#8211; KIT(Camisa + Shaker + Myth)"},"content":{"rendered":"<div class=\"my-3\">\n<div id=\"video\" class=\"row pt-md-5\">\n<div class=\"col-12 col-md-12 card p-3\">\n<h2 class=\"font-weight-bold price_description cyan-text h2-card mt-5 mt-md-0\">Caracter\u00edsticas del mejor PRE ENTRENO:<\/h2>\n<p class=\"font-px\">Possession es un pre-entreno que reune los ingredientes m\u00e1s efectivos para potencializar el rendimiento de la actividad f\u00edsica, reduce la acidez muscular, mejora el transporte de sangre, aumenta los niveles de adrenalina y mejora la capacidad cardio respiratoria. Contiene: L-Citrulina, L-Arginina, Agmatina, Beta-alanina,\u00a0Extracto de naranja amarga, Taurina y cafe\u00edna. T\u00f3malo 10 minutos antes de realizar la actividad f\u00edsca.<\/p>\n<\/div>\n<\/div>\n<\/div>\n<p><strong>Possession<\/strong>\u00a0posee los ingredientes en las dosis recomendadas para lograr una m\u00e1xima congesti\u00f3n muscular.<\/p>\n<ul class=\"list-group list-group-flush my-4\">\n<li class=\"list-group-item\"><span style=\"color: #e40b0b;\"><strong><span style=\"text-decoration: underline;\">Cero calor\u00edas &#8211; Cero az\u00facares<\/span><\/strong><\/span><\/li>\n<li class=\"list-group-item\"><span style=\"color: #e40b0b;\"><span style=\"color: #e40b0b;\"><strong><span style=\"text-decoration: underline;\">No rompe el ayuno<\/span><\/strong><\/span><\/span>&nbsp;<\/li>\n<li class=\"list-group-item\">Citrulina 3000mg<\/li>\n<li class=\"list-group-item\">Beta-alanina 1500mg<\/li>\n<li class=\"list-group-item\">Betaina 1250mg<\/li>\n<li class=\"list-group-item\">Taurina 1000mg.<\/li>\n<li class=\"list-group-item\">Agmatina 750mg<\/li>\n<li class=\"list-group-item\">Arginina 750mg<\/li>\n<li class=\"list-group-item\">Cafe\u00edna 250mg<\/li>\n<li class=\"list-group-item\">Extracto de naranja amarga 20mg<\/li>\n<\/ul>\n<h2 class=\"title-1 text-uppercase mb-4 color-title-ingrdient\">INGREDIENTES DE POSSESSION<\/h2>\n<div class=\"col-12 col-md-8 col-lg-9\">\n<div class=\"col-12 col-md-8 col-lg-9\">\n<div class=\"col-12 col-md-8 col-lg-9\">\n<div class=\"col-12 col-md-8 col-lg-9\">\n<div class=\"col-12 col-md-8 col-lg-9\">\n<div class=\"col-12 col-md-8 col-lg-9\">\n<p><strong>La citrulina<\/strong>\u00a0es un amino\u00e1cido no esencial que se encuentra naturalmente en el cuerpo humano y tambi\u00e9n se puede obtener a trav\u00e9s de la dieta, especialmente en alimentos como sand\u00eda, pepino y calabaza.<\/p>\n<p>Cuando se consume\u00a0<strong>citrulina\u00a0<\/strong>, se convierte en\u00a0<strong>arginina<\/strong>\u00a0, otro amino\u00e1cido que es un precursor\u00a0<strong>del \u00f3xido n\u00edtrico<\/strong>. El \u00f3xido n\u00edtrico es un\u00a0<strong>vasodilatador<\/strong>, lo que significa que ayuda a ensanchar los vasos sangu\u00edneos y\u00a0<strong>mejorar el flujo sangu\u00edneo en el cuerpo<\/strong>.<\/p>\n<p>Estudios han demostrado que la suplementaci\u00f3n con\u00a0<strong>citrulina\u00a0<\/strong>puede mejorar la resistencia y reducir la fatiga muscular durante el ejercicio intenso, posiblemente a trav\u00e9s del aumento del flujo sangu\u00edneo y la entrega de nutrientes y ox\u00edgeno a los m\u00fasculos.<\/p>\n<\/div>\n<\/div>\n<\/div>\n<\/div>\n<\/div>\n<\/div>\n<div class=\"col-12 col-md-8 col-lg-9\"><\/div>\n<div class=\"col-12 col-md-8 col-lg-9\"><strong>La beta-alanina<\/strong>\u00a0es un amino\u00e1cido no esencial que cuando se consume, se convierte en carnosina, un dip\u00e9ptido que se encuentra en grandes cantidades en los m\u00fasculos. La carnosina es capaz de tamponar el \u00e1cido l\u00e1ctico que se produce durante el ejercicio intenso, lo que ayuda a retrasar la fatiga muscular y mejorar el rendimiento f\u00edsico.<\/div>\n<div class=\"col-12 col-md-8 col-lg-9\"><\/div>\n<div class=\"col-12 col-md-8 col-lg-9\">\n<p>La\u00a0<strong>agmatina<\/strong>\u00a0es un compuesto derivado del amino\u00e1cido arginina, que se encuentra naturalmente en el cuerpo y se utiliza en la s\u00edntesis de \u00f3xido n\u00edtrico. Se ha sugerido que la suplementaci\u00f3n con agmatina puede tener efectos beneficiosos en el rendimiento f\u00edsico.<\/p>\n<p>Se ha demostrado que la\u00a0<strong>agmatina<\/strong>\u00a0puede mejorar la producci\u00f3n de \u00f3xido n\u00edtrico en el cuerpo, lo que puede aumentar el flujo sangu\u00edneo y la entrega de ox\u00edgeno y nutrientes a los m\u00fasculos durante el ejercicio. Adem\u00e1s, la agmatina puede actuar como un inhibidor de la enzima arginasa, que descompone la arginina en el cuerpo, lo que puede aumentar los niveles de arginina y mejorar la producci\u00f3n de \u00f3xido n\u00edtrico.<\/p>\n<\/div>\n<div class=\"col-12 col-md-8 col-lg-9\"><\/div>\n<div class=\"col-12 col-md-8 col-lg-9\"><\/div>\n<div class=\"col-12 col-md-8 col-lg-9\"><strong>La arginina<\/strong>\u00a0es un amino\u00e1cido semi-esencial que es precursor del\u00a0<strong>\u00f3xido n\u00edtrico<\/strong>, un gas que se produce en el cuerpo y que tiene efectos vasodilatadores, es decir, ayuda a ensanchar los vasos sangu\u00edneos y mejorar el flujo sangu\u00edneo. Como resultado, la suplementaci\u00f3n con arginina puede\u00a0<strong>aumentar el flujo sangu\u00edneo a los m\u00fasculos<\/strong>\u00a0durante el ejercicio y, por lo tanto, mejorar el rendimiento f\u00edsico.<\/div>\n<div class=\"col-12 col-md-8 col-lg-9\"><\/div>\n<div class=\"col-12 col-md-8 col-lg-9\"><strong>La cafe\u00edna<\/strong>\u00a0ha demostrado mejorar la resistencia aer\u00f3bica, la fuerza muscular y la potencia. Esto se debe a que la cafe\u00edna puede aumentar la capacidad del cuerpo para utilizar la grasa como combustible durante el ejercicio, lo que puede retrasar la fatiga y mejorar el rendimiento. Tambi\u00e9n se ha demostrado que la cafe\u00edna mejora la concentraci\u00f3n y el estado de alerta mental, lo que puede ser beneficioso para el rendimiento en deportes que requieren habilidades cognitivas.<\/div>\n<div class=\"col-12 col-md-8 col-lg-9\"><\/div>\n<div class=\"col-12 col-md-8 col-lg-9\">\n<p><strong>La taurina\u00a0<\/strong>es un amino\u00e1cido que se ha demostrado que mejora la resistencia muscular, la funci\u00f3n cardiovascular y a reducir la fatiga.<\/p>\n<p>En combinaci\u00f3n,\u00a0<strong>la cafe\u00edna y la taurina<\/strong>\u00a0pueden tener efectos sin\u00e9rgicos en el rendimiento f\u00edsico. Se ha demostrado que la combinaci\u00f3n de ambos puede mejorar la resistencia, la potencia y \u200b\u200bla fuerza muscular en ejercicios de alta intensidad. Adem\u00e1s, la taurina puede contrarrestar los efectos diur\u00e9ticos de la cafe\u00edna y ayudar a mantener la hidrataci\u00f3n durante el ejercicio.<\/p>\n<\/div>\n<div class=\"col-12 col-md-8 col-lg-9\"><\/div>\n<div class=\"col-12 col-md-8 col-lg-9\">La\u00a0<strong>beta\u00edna<\/strong>\u00a0es un compuesto qu\u00edmico que se encuentra en alimentos como remolachas, espinacas y cereales. Se ha sugerido que la suplementaci\u00f3n con beta\u00edna puede tener efectos beneficiosos en el rendimiento f\u00edsico.<\/div>\n<div class=\"col-12 col-md-8 col-lg-9\">La suplementaci\u00f3n con<span class=\"selectable-text copyable-text\">\u00a0Beta\u00edna tiene grandes influencias en el aumento de fuerza muscular, la potencia y \u200b\u200bla resistencia, asi mismo puede ayudar a reducir la fatiga muscular durante el ejercicio intenso. Se ha demostrado cientificamente que la beta\u00edna mejora el rendimiento en ejercicios como levantamiento de pesas, sprints y saltos.<\/span><strong>El extracto de naranja amarga<\/strong>, tambi\u00e9n conocido como Citrus aurantium, se deriva de la piel de la naranja amarga. Estudios han demostrado que ayuda a aumentar el metabolismo y la quema de grasas al actuar como un estimulante del sistema nervioso central. El extracto contiene un compuesto llamado\u00a0<strong>sinefrina<\/strong>, que es un agonista adren\u00e9rgico que puede estimular la liberaci\u00f3n de noradrenalina y aumentar el gasto energ\u00e9tico.<\/p>\n<h2 class=\"font-weight-bold price_description cyan-text h2-card\">Modo de consumo<\/h2>\n<p class=\"font-px text-left\">Mezcle POSSESSION 13g en 781 ml de agua. Consuma antes de la actividad f\u00edsica. Los requerimientos pueden variar entre persona, basado en el peso corporal, nivel de actividad y salud general. Incluye medidor (cuchara dosificadora).<\/p>\n<\/div>\n","protected":false},"excerpt":{"rendered":"<p>Caracter\u00edsticas del mejor PRE ENTRENO: Possession es un pre-entreno que reune los ingredientes m\u00e1s efectivos para potencializar el rendimiento de la actividad f\u00edsica, reduce la acidez muscular, mejora el transporte de sangre, aumenta los niveles de adrenalina y mejora la capacidad cardio respiratoria. Contiene: L-Citrulina, L-Arginina, Agmatina, Beta-alanina,\u00a0Extracto de naranja amarga, Taurina y cafe\u00edna. T\u00f3malo [&hellip;]<\/p>\n","protected":false},"featured_media":1696,"comment_status":"open","ping_status":"closed","template":"","meta":{"site-sidebar-layout":"default","site-content-layout":"","ast-site-content-layout":"default","site-content-style":"default","site-sidebar-style":"default","ast-global-header-display":"","ast-banner-title-visibility":"","ast-main-header-display":"","ast-hfb-above-header-display":"","ast-hfb-below-header-display":"","ast-hfb-mobile-header-display":"","site-post-title":"","ast-breadcrumbs-content":"","ast-featured-img":"","footer-sml-layout":"","ast-disable-related-posts":"","theme-transparent-header-meta":"default","adv-header-id-meta":"","stick-header-meta":"","header-above-stick-meta":"","header-main-stick-meta":"","header-below-stick-meta":"","astra-migrate-meta-layouts":"set","ast-page-background-enabled":"default","ast-page-background-meta":{"desktop":{"background-color":"var(--ast-global-color-4)","background-image":"","background-repeat":"repeat","background-position":"center center","background-size":"auto","background-attachment":"scroll","background-type":"","background-media":"","overlay-type":"","overlay-color":"","overlay-opacity":"","overlay-gradient":""},"tablet":{"background-color":"","background-image":"","background-repeat":"repeat","background-position":"center center","background-size":"auto","background-attachment":"scroll","background-type":"","background-media":"","overlay-type":"","overlay-color":"","overlay-opacity":"","overlay-gradient":""},"mobile":{"background-color":"","background-image":"","background-repeat":"repeat","background-position":"center center","background-size":"auto","background-attachment":"scroll","background-type":"","background-media":"","overlay-type":"","overlay-color":"","overlay-opacity":"","overlay-gradient":""}},"ast-content-background-meta":{"desktop":{"background-color":"var(--ast-global-color-5)","background-image":"","background-repeat":"repeat","background-position":"center center","background-size":"auto","background-attachment":"scroll","background-type":"","background-media":"","overlay-type":"","overlay-color":"","overlay-opacity":"","overlay-gradient":""},"tablet":{"background-color":"var(--ast-global-color-5)","background-image":"","background-repeat":"repeat","background-position":"center center","background-size":"auto","background-attachment":"scroll","background-type":"","background-media":"","overlay-type":"","overlay-color":"","overlay-opacity":"","overlay-gradient":""},"mobile":{"background-color":"var(--ast-global-color-5)","background-image":"","background-repeat":"repeat","background-position":"center center","background-size":"auto","background-attachment":"scroll","background-type":"","background-media":"","overlay-type":"","overlay-color":"","overlay-opacity":"","overlay-gradient":""}}},"product_cat":[36,25],"product_tag":[47],"_links":{"self":[{"href":"https:\/\/vaejfit.com\/index.php\/wp-json\/wp\/v2\/product\/1694"}],"collection":[{"href":"https:\/\/vaejfit.com\/index.php\/wp-json\/wp\/v2\/product"}],"about":[{"href":"https:\/\/vaejfit.com\/index.php\/wp-json\/wp\/v2\/types\/product"}],"replies":[{"embeddable":true,"href":"https:\/\/vaejfit.com\/index.php\/wp-json\/wp\/v2\/comments?post=1694"}],"wp:featuredmedia":[{"embeddable":true,"href":"https:\/\/vaejfit.com\/index.php\/wp-json\/wp\/v2\/media\/1696"}],"wp:attachment":[{"href":"https:\/\/vaejfit.com\/index.php\/wp-json\/wp\/v2\/media?parent=1694"}],"wp:term":[{"taxonomy":"product_cat","embeddable":true,"href":"https:\/\/vaejfit.com\/index.php\/wp-json\/wp\/v2\/product_cat?post=1694"},{"taxonomy":"product_tag","embeddable":true,"href":"https:\/\/vaejfit.com\/index.php\/wp-json\/wp\/v2\/product_tag?post=1694"}],"curies":[{"name":"wp","href":"https:\/\/api.w.org\/{rel}","templated":true}]}}